 v(f) = -3*f**2 - 43*f - 47. Give v(-13).
5
Let w(d) = -d**3 + 6*d**2 + 19*d - 84. Determine w(7).
0
Let w(o) = -o**3 - 3*o**2 + 5*o. Determine w(-4).
-4
Let f(u) = -2*u - 10. Determine f(-5).
0
Let i(s) = -s + 12. What is i(15)?
-3
Let k(j) = -2*j**3 + 15*j**2 - 7*j + 2. Determine k(7).
2
Let b(l) = -17*l**2 + 6*l - 3. Give b(4).
-251
Let g(l) = 4*l**2 - 49*l + 17. Calculate g(12).
5
Let v(h) = 8*h**3 - h**2 - 2*h - 2. Give v(-1).
-9
Let c(t) = 3*t - 28. Calculate c(11).
5
Let p(x) = 4*x**3 - 22*x**2 - 11*x - 11. Give p(6).
-5
Let p(o) = -o**3 - 4*o**2 - 6*o - 4. What is p(-2)?
0
Let z(v) = -v**3 - 26*v**2 - 3*v - 74. Calculate z(-26).
4
Let r(g) = 14*g + 13. Calculate r(-5).
-57
Let v(m) = 21*m + 31. Calculate v(4).
115
Let g(f) = 3*f + 1. Calculate g(12).
37
Let w(j) = 10*j - 14. Determine w(0).
-14
Let x(p) = -p - 5. Determine x(-8).
3
Let j(t) = -2*t**2 + 3*t - 1. Determine j(4).
-21
Let q(y) = y**3 + 6*y**2 - 4*y - 7. Give q(-5).
38
Let x(y) = 2*y**2 + 104*y - 10. Calculate x(-52).
-10
Let b(o) = -2*o**2 + 8*o - 3. Calculate b(-5).
-93
Let o(h) = 8*h - 1. Determine o(4).
31
Let c(g) = -g**2 - 4*g + 6. What is c(6)?
-54
Let w(y) = 2*y - 1. Give w(13).
25
Let h(a) = -a**3 + 4*a**2 - 5*a + 7. Calculate h(3).
1
Let r(j) = 4*j + 73. Give r(-16).
9
Let x(o) = -2*o**2 + 33*o + 50. Determine x(18).
-4
Let q(o) = 9*o**2 - 16*o + 2. What is q(2)?
6
Let c(k) = -k**3 - k**2 + 36. Calculate c(0).
36
Let l(x) = -3*x + 14. Calculate l(2).
8
Let o(d) = -2*d + 10. What is o(6)?
-2
Let b(k) = -k**3 - 10*k**2 - 3*k + 5. Determine b(-10).
35
Let y(p) = -p**2 + 5*p + 8. Calculate y(4).
12
Let w(a) = -3*a**3 - 7*a**2 - 7*a - 5. Calculate w(-4).
103
Let j(d) = 3*d**2 + 13*d + 26. Give j(-2).
12
Let v(a) = -a**2 - 23*a - 121. Calculate v(-11).
11
Let b(z) = -6*z - 12. What is b(-6)?
24
Let w(y) = 2*y**2 - 9*y + 8. Give w(7).
43
Let v(p) = -p**3 + 12*p**2 - 13*p + 11. Calculate v(11).
-11
Let p(y) = -y**2 - 6*y + 4. What is p(-5)?
9
Let q(w) = 11*w - 471. What is q(43)?
2
Let a(y) = -y**3 - 28*y**2 - 29. Calculate a(-28).
-29
Let x(z) = z**3 + z - 20. What is x(0)?
-20
Let k(j) = 2*j**3 - 48*j**2 + 50*j - 49. Calculate k(23).
43
Let m(p) = p**3 + 6*p**2 + 7*p - 1. Determine m(-5).
-11
Let v(t) = -2*t**2 - 14*t - 44. What is v(-10)?
-104
Let u(d) = 30*d**2 - d + 1. Calculate u(-2).
123
Let d(b) = -5*b**2 - 2*b - 2. Determine d(-1).
-5
Let b(z) = -2*z**2 - 3*z + 6. Calculate b(-5).
-29
Let v(n) = n**3 + 7*n**2 - 8*n - 17. Give v(-8).
-17
Let y(f) = -f**2 - f. Calculate y(-2).
-2
Let d(p) = 2*p + 7. Calculate d(-3).
1
Let g(s) = -s**3 - 14*s**2 + 15*s - 5. Determine g(-15).
-5
Let s(g) = -g**2 + 5*g + 3. Determine s(-3).
-21
Let h(o) = -9*o - 29. Give h(-3).
-2
Let l(a) = -a**2 - 33*a - 48. Give l(-35).
-118
Let j(d) = d**3 + 8*d**2 + 5*d - 2. Give j(-8).
-42
Let t(z) = -z**2 + 17*z + 66. What is t(24)?
-102
Let m(d) = -8*d - 1. What is m(-1)?
7
Let k(i) = -3*i + 65. Calculate k(23).
-4
Let i(d) = 16*d - 40. What is i(2)?
-8
Let y(g) = -3*g - 24. What is y(-9)?
3
Let o(h) = h**2 - 8*h. Calculate o(6).
-12
Let f(i) = i**3 - 6*i**2 - 23*i - 20. Determine f(9).
16
Let u(c) = -3*c + 59. Calculate u(21).
-4
Let x(w) = w**3 - 10*w**2 - 2*w + 8. Calculate x(10).
-12
Let y(i) = i**3 + 10*i**2 - 45*i - 82. Calculate y(-13).
-4
Let g(h) = -h - 12. Give g(-5).
-7
Let j(x) = -x**2 + 20*x - 101. Calculate j(11).
-2
Let v(b) = b + 13. Determine v(7).
20
Let j(t) = -t**2 + 19*t + 66. What is j(22)?
0
Let z(a) = -8*a + 1. Calculate z(2).
-15
Let s(m) = 11*m**2 + 2*m - 2. Give s(1).
11
Let x(k) = -k - 33. Calculate x(0).
-33
Let s(x) = x + 2. Determine s(1).
3
Let f(q) = -6*q**2 - 3*q - 7. What is f(-2)?
-25
Let u(f) = 2*f**3 - 8*f**2 - 5*f - 3. Give u(6).
111
Let b(l) = -l**3 + l - 44. Determine b(0).
-44
Let l(d) = d**2 - 7*d + 5. Determine l(6).
-1
Let i(q) = -q**3 - 15*q**2 + 29*q - 20. What is i(-17)?
65
Let h(v) = -3*v + 6. Determine h(-6).
24
Let r(t) = 2*t - 10. Give r(5).
0
Let v(i) = -i - 2. What is v(0)?
-2
Let m(n) = -2*n**2 - 11*n + 14. Give m(-7).
-7
Let n(z) = -z**2 + 14*z - 50. Give n(9).
-5
Let j(f) = -f**2 + 73*f - 56. Calculate j(72).
16
Let l(j) = -3*j - 36. Determine l(-5).
-21
Let w(m) = 7*m**3 - 3*m**2 + 4*m - 2. Determine w(1).
6
Let b(x) = -5*x - 12. What is b(-8)?
28
Let x(y) = 24*y**3. What is x(-1)?
-24
Let k(y) = y**2 - 22*y - 31. Calculate k(25).
44
Let p(i) = 2*i**2 + 25*i - 30. What is p(-15)?
45
Let u(a) = 123*a + 126. Determine u(-1).
3
Let w(v) = v**2 + 9*v + 8. Calculate w(-5).
-12
Let h(z) = z**3 + z**2 - 5*z - 11. Determine h(-2).
-5
Let n(t) = -t**3 + 2*t**2 + 6*t - 2. Determine n(3).
7
Let r(n) = -n**3 - 2*n**2 + n - 1. Calculate r(2).
-15
Let m(y) = 5*y - 142. What is m(26)?
-12
Let n(k) = -k**3 - 5*k**2 - 2*k + 3. Give n(-4).
-5
Let m(t) = -t + 20. Calculate m(9).
11
Let m(h) = h**3 - 14*h**2 - 15*h + 11. Determine m(15).
11
Let s(f) = f**2 + 56*f - 173. Calculate s(3).
4
Let z(u) = -2*u**3 + 7*u**2 - 2*u + 13. What is z(5)?
-72
Let f(v) = v**3 + 5*v**2 - 6*v + 5. Calculate f(-6).
5
Let l(u) = -u**3 - 6*u**2 - 3*u - 7. What is l(-5)?
-17
Let c(h) = 4*h**3 + 2*h**2 - 2*h - 1. Calculate c(-2).
-21
Let h(f) = f**3 - f**2 - 3*f - 4. Give h(3).
5
Let u(m) = m**2 + 9*m + 13. What is u(-7)?
-1
Let l(v) = -2*v**2 + 89*v - 138. Calculate l(43).
-9
Let m(z) = z**2 - 25*z - 65. Calculate m(-3).
19
Let t(y) = -y**2 - 2*y + 1. What is t(1)?
-2
Let l(u) = -2*u - 20. Calculate l(-6).
-8
Let b(u) = -u**2 + 18*u - 33. What is b(15)?
12
Let q(x) = x**3 + 15*x**2 + 26*x + 8. Determine q(-13).
8
Let o(v) = v**2 - 7*v + 4. Calculate o(3).
-8
Let p(b) = -23*b**3 + 3*b**2 - 3*b + 2. What is p(1)?
-21
Let v(n) = 2*n**2 + 23*n + 76. Calculate v(-5).
11
Let c(j) = j**3 - 4*j - 15. What is c(0)?
-15
Let r(u) = u**2 + 4*u + 4. Calculate r(-6).
16
Let i(x) = 3*x**2 + 24*x - 10. Calculate i(-8).
-10
Let k(f) = -f**3 + 15*f**2 - 12*f + 2. Calculate k(14).
30
Let c(r) = r**3 - 3*r**2 - 5*r + 4. Calculate c(4).
0
Let p(d) = -d**2 - 2*d + 13. Give p(-4).
5
Let f(s) = s**2 + 6*s - 6. Calculate f(-5).
-11
Let o(m) = -m**3 + 2*m**2 - m + 5. What is o(0)?
5
Let i(l) = 2*l + 15. Calculate i(-14).
-13
Let n(j) = j**3 - 13*j**2 - 36*j + 28. Give n(15).
-62
Let r(t) = 3*t + 45. Determine r(-9).
18
Let b(l) = -l**2 + 17*l + 12. Determine b(13).
64
Let p(m) = 20*m + 4. Calculate p(2).
44
Let u(q) = -362*q - 355. Determine u(-1).
7
Let b(i) = i**3 + 14*i**2 + 11*i - 23. Determine b(-13).
3
Let j(g) = 11*g + 80. Calculate j(-9).
-19
Let x(r) = -6*r + 4. Determine x(4).
-20
Let y(z) = z**3 + 8*z**2 - 8*z. Determine y(-8).
64
Let b(a) = 28*a + 267. Determine b(-10).
-13
Let m(q) = 4*q**3 + 2*q**2 + q - 1. Determine m(-2).
-27
Let z(h) = 2*h + 9. What is z(-6)?
-3
Let p(k) = 8*k + 2. What is p(0)?
2
Let m(q) = -2*q + 43. Determine m(20).
3
Let n(j) = j**2 - j - 6. What is n(0)?
-6
Let i(c) = -4*c - 2. What is i(-1)?
2
Let b(t) = 3*t - 31. What is b(7)?
-10
Let f(r) = 14*r - 33. Determine f(1).
-19
Let h(s) = s**2 - 11*s - 6. What is h(12)?
6
Let z(f) = f**3 - 17*f**2 + 4*f + 205. What is z(16)?
13
Let h(k) = 3*k**2 + 19*k - 15. What is h(-7)?
-1
Let v(o) = -39*o**3 + 1. Give v(1).
-38
Let k(j) = -2*j**2 - 32*j + 2. Determine k(-15).
32
Let d(l) = -l**3 + 2*l**2 + 15. What is d(0)?
15
Let z(u) = -u**3 + u**2 + u - 2. Give z(3).
-17
Let d(r) = r**3 + 3*r**2 - 6*r + 5. What is d(-5)?
-15
Let j(g) = -3*g - 40. What is j(-12)?
-4
Let f(u) = u - 2. Determine f(-7).
-9
Let t(i) = 11*i - 317. Calculate t(27).
-20
Let r(v) = -25*v - 91. Give r(-4).
9
Let w(x) = x**2 + 6*x - 9. What is w(-9)?
18
Let s(g) = -5*g + 82. Give s(15).
7
Let u(l) = 20*l + 2. Determine u(1).
22
Let u(b) = b**3 - 13*b**2 - 51*b - 6. Give u(-3).
3
Let z(y) = y**2 + 3*y - 6. Give z(-4).
-2
Let y(t) = 4*t - 48. Determine y(13).
4
Let j(v) = 2*v - 25. Give j(-8).
-41
Let i(c) = c**3 + 7*c**2 - c - 2. What is i(-6)?
40
Let z(g) = -g**2 - 6*g + 66. Calculate z(6).
-6
Let d(j) = j**3 - 24*j**2 - 28*j - 31. Determine d(25).
-106
Let k(q) = -q**2 - 3*q - 4. Calculate k(-7).
-32
Let l(p) = 3*p - 59. Give l(21).
4
Let i(x) = 2*x**3 + 81*x**2 - 45*x - 168. Calculate i(-41).
-4
Let a(n) = -n - 9. Determine a(-3).
-6
Let g(r) = -r**2 - 36*r - 72. Determine g(-34).
-4
Let d(x) = x**2 + 4*x + 4. Calculate d(-3).
1
Let m(q) = 45*q. Wha